to base 9
-66
Convert 10 (base 2) to base 15.
2
16 (base 15) to base 14
17
-12 (base 12) to base 16
-e
What is -32 (base 14) in base 2?
-101100
Convert 102 (base 16) to base 11.
215
11 (base 2) to base 8
3
What is 30 (base 5) in base 11?
14
Convert -6 (base 15) to base 14.
-6
Convert -3 (base 9) to base 5.
-3
What is -7 (base 8) in base 12?
-7
3 (base 8) to base 13
3
Convert 4 (base 9) to base 5.
4
Convert -12 (base 13) to base 11.
-14
What is -111 (base 6) in base 3?
-1121
What is 2 (base 16) in base 12?
2
4 (base 16) to base 7
4
Convert -111100 (base 2) to base 15.
-40
-6 (base 9) to base 14
-6
Convert 131 (base 7) to base 8.
107
What is 5 (base 15) in base 14?
5
185 (base 9) to base 8
236
Convert -4 (base 10) to base 6.
-4
6c (base 15) to base 13
7b
What is -45 (base 6) in base 8?
-35
What is 24 (base 8) in base 14?
16
1 (base 2) to base 16
1
232 (base 4) to base 3
1201
8 (base 13) to base 9
8
Convert -10 (base 6) to base 3.
-20
Convert -10 (base 9) to base 7.
-12
What is 35 (base 14) in base 8?
57
Convert -3 (base 16) to base 3.
-10
-4 (base 12) to base 4
-10
-5 (base 9) to base 11
-5
-3 (base 9) to base 13
-3
What is 6e (base 15) in base 14?
76
-11010100 (base 2) to base 14
-112
Convert 12 (base 6) to base 3.
22
2 (base 16) to base 2
10
-476 (base 8) to base 15
-163
Convert -6 (base 15) to base 2.
-110
What is 3 (base 4) in base 5?
3
-3 (base 5) to base 9
-3
Convert 10201 (base 3) to base 16.
64
Convert 412 (base 8) to base 12.
1a2
What is 1011 (base 3) in base 14?
23
7 (base 13) to base 12
7
What is -111001 (base 2) in base 7?
-111
2 (base 7) to base 2
10
-3 (base 16) to base 2
-11
What is 66 (base 13) in base 15?
59
Convert 40 (base 11) to base 6.
112
What is -12 (base 8) in base 11?
-a
0 (base 2) to base 12
0
What is 86 (base 9) in base 8?
116
What is 15 (base 9) in base 7?
20
3 (base 14) to base 8
3
111 (base 2) to base 5
12
Convert 44 (base 7) to base 8.
40
What is -12 (base 3) in base 12?
-5
What is 11c (base 16) in base 14?
164
-2 (base 3) to base 10
-2
10 (base 2) to base 16
2
11 (base 3) to base 8
4
Convert 11 (base 4) to base 15.
5
Convert 55 (base 16) to base 3.
10011
Convert 11 (base 13) to base 3.
112
Convert 3 (base 8) to base 9.
3
What is -1 (base 14) in base 15?
-1
29 (base 12) to base 8
41
15 (base 6) to base 15
b
What is 2 (base 4) in base 12?
2
-10 (base 4) to base 12
-4
24 (base 6) to base 11
15
What is -13 (base 4) in base 2?
-111
What is 141 (base 6) in base 12?
51
Convert 0 (base 15) to base 4.
0
What is 59 (base 10) in base 14?
43
What is -a (base 14) in base 4?
-22
-12 (base 9) to base 14
-b
-3 (base 9) to base 12
-3
-44 (base 5) to base 10
-24
Convert 3 (base 12) to base 5.
3
Convert 4 (base 6) to base 4.
10
Convert 1202 (base 3) to base 16.
2f
Convert 5 (base 7) to base 9.
5
Convert 6 (base 9) to base 16.
6
What is -39 (base 16) in base 10?
-57
What is -170 (base 13) in base 3?
-100122
-3 (base 7) to base 3
-10
-b (base 14) to base 12
-b
What is 0 (base 6) in base 7?
0
What is -2 (base 5) in base 11?
-2
331 (base 4) to base 6
141
-6b (base 13) to base 3
-10022
What is -193 (base 10) in base 5?
-1233
9 (base 11) to base 8
11
What is 57 (base 8) in base 5?
142
-51 (base 10) to base 5
-201
-4 (base 16) to base 11
-4
What is -e (base 15) in base 6?
-22
Convert 22 (base 10) to base 2.
10110
Convert -1214 (base 5) to base 4.
-2320
Convert 11 (base 12) to base 2.
1101
What is -1 (base 8) in base 15?
-1
Convert 3 (base 10) to base 16.
3
53 (base 10) to base 14
3b
-150 (base 6) to base 12
-56
What is -25 (base 12) in base 13?
-23
Convert 44 (base 9) to base 14.
2c
Convert 101 (base 2) to base 12.
5
Convert 32 (base 12) to base 2.
100110
9 (base 13) to base 8
11
Convert 11 (base 2) to base 12.
3
-236 (base 7) to base 5
-1000
What is 202 (base 4) in base 9?
37
-1000 (base 2) to base 7
-11
What is -5 (base 12) in base 4?
-11
100 (base 2) to base 13
4
2 (base 15) to base 4
2
What is -9 (base 12) in base 13?
-9
Convert 310 (base 7) to base 10.
154
Convert 4 (base 8) to base 4.
10
Convert 3 (base 8) to base 2.
11
Convert -20 (base 4) to base 12.
-8
What is 172 (base 9) in base 12?
102
Convert -b (base 12) to base 15.
-b
Convert -10 (base 7) to base 3.
-21
-22 (base 11) to base 4
-120
Convert 0 (base 16) to base 5.
0
What is -7 (base 12) in base 10?
-7
-332 (base 4) to base 15
-42
244 (base 10) to base 14
136
-6 (base 16) to base 14
-6
-10 (base 6) to base 2
-110
Convert 21 (base 8) to base 6.
25
-19 (base 14) to base 11
-21
Convert -512 (base 6) to base 12.
-138
What is 2 (base 5) in base 14?
2
Convert -14 (base 15) to base 10.
-19
48 (base 11) to base 2
110100
Convert -1 (base 2) to base 10.
-1
What is 3 (base 4) in base 11?
3
Convert 221 (base 5) to base 7.
115
Convert -24 (base 9) to base 13.
-19
Convert 2d (base 16) to base 12.
39
4 (base 14) to base 2
100
Convert -13 (base 8) to base 4.
-23
-148 (base 13) to base 4
-3211
What is 3 (base 16) in base 14?
3
-276 (base 9) to base 10
-231
-3 (base 4) to base 11
-3
Convert 0 (base 5) to base 11.
0
Convert 11 (base 7) to base 14.
8
-3 (base 8) to base 2
-11
22 (base 3) to base 16
8
Convert -1213 (base 5) to base 13.
-111
Convert 11 (base 3) to base 9.
4
What is 313 (base 6) in base 2?
1110101
What is -41 (base 14) in base 6?
-133
-2 (base 14) to base 4
-2
What is 15b (base 13) in base 16?
f5
-44 (base 12) to base 9
-57
7b (base 13) to base 2
1100110
What is 1020 (base 5) in base 11?
113
What is 0 (base 12) in base 9?
0
What is -2c (base 13) in base 2?
-100110
Convert -1 (base 4) to base 3.
-1
What is 0 (base 13) in base 14?
0
Convert 11 (base 5) to base 2.
110
Convert -84 (base 9) to base 5.
-301
What is -21 (base 3) in base 14?
-7
What is 20201 (base 3) in base 7?
346
Convert c (base 15) to base 9.
13
Convert 2 (base 8) to base 4.
2
-341 (base 6) to base 9
-157
What is 85 (base 9) in base 10?
77
Convert -120 (base 3) to base 14.
-11
What is 0 (base 6) in base 10?
0
What is -1 (base 14) in base 3?
-1
-14 (base 11) to base 5
-30
What is -46 (base 14) in base 13?
-4a
What is -5 (base 10) in base 11?
-5
Convert 2 (base 11) to base 2.
10
-5 (base 12) to base 3
-12
What is -c5 (base 14) in base 2?
-10101101
What is -10 (base 4) in base 7?
-4
27 (base 8) to base 12
1b
21 (base 10) to base 4
111
What is -11 (base 5) in base 8?
-6
Convert -2 (base 5) to base 4.
-2
Convert -100111 (base 2) to base 14.
-2b
What is 1 (base 5) in base 12?
1
1 (base 6) to base 5
1
1 (base 10) to base 8
1
What is -10 (base 3) in base 10?
-3
What is 300 (base 5) in base 14?
55
What is -232 (base 4) in base 7?
-64
Convert -1 (base 7) to base 10.
-1
2 (base 9) to base 7
2
What is -72 (base 12) in base 11?
-79
What is -10101 (base 2) in base 10?
-21
4 (base 6) to base 5
4
What is 1 (base 11) in base 8?
1
What is 11 (base 4) in base 6?
5
-4 (base 15) to base 8
-4
What is -5 (base 10) in base 12?
-5
What is -15 (base 7) in base 8?
-14
-b (base 16) to base 11
-10
What is 262 (base 8) in base 15?
bd
Convert 13 (base 7) to base 2.
1010
-12 (base 5) to base 9
-7
Convert 12 (base 10) to base 6.
20
What is -21 (base 4) in base 11?
-9
1b (base 16) to base 12
23
Convert 43 (base 7) to base 14.
23
What is 19 (base 10) in base 16?
13
-3 (base 13) to base 3
-10
Convert -7 (base 11) to base 6.
-11
Convert 6 (base 9) to base 6.
10
-330 (base 4) to base 8
-74
What is 1221 (base 3) in base 2?
110100
0 (base 11) to base 5
0
-14 (base 15) to base 14
-15
What is -24 (base 13) in base 2?
-11110
What is 1 (base 15) in base 7?
1
What is -22 (base 14) in base 4?
-132
What is 6 (base 9) in base 8?
6
Convert -5 (base 10) to base 2.
-101
0 (base 7) to base 14
0
What is a (base 16) in base 6?
14
2 (base 4) to base 9
2
Convert -a (base 16) to base 15.
-a
Convert -6 (base 10) to base 12.
-6
What is -2 (base 7) in base 11?
-2
-302 (base 6) to base 9
-132
Convert 120 (base 3) to base 15.
10
1001100 (base 2) to base 11
6a
What is 1044 (base 6) in base 3?
100001
What is 8 (base 13) in base 11?
8
6 (base 15) to base 10
6
Convert 3 (base 8) to base 4.
3
What is -21 (base 10) in base 9?
-23
Convert -18 (base 9) to base 11.
-16
What is -5 (base 12) in base 14?
-5
-22 (base 6) to base 5
-24
-7 (base 16) to base 12
-7
-5 (base 14) to base 7
-5
What is 3 (base 11) in base 12?
3
Convert -15 (base 9) to base 11.
-13
What is 4 (base 5) in base 10?
4
C